{"id":27,"date":"2025-06-06T16:02:54","date_gmt":"2025-06-06T16:02:54","guid":{"rendered":"https:\/\/templosirius.org\/Nebula58\/?page_id=27"},"modified":"2026-03-05T04:04:38","modified_gmt":"2026-03-05T04:04:38","slug":"toca","status":"publish","type":"page","link":"https:\/\/templosirius.org\/Nebula58\/toca\/","title":{"rendered":"Toca"},"content":{"rendered":"\n<div class=\"wp-block-columns is-layout-flex wp-container-core-columns-is-layout-9d6595d7 wp-block-columns-is-layout-flex\">\n<div class=\"wp-block-column constructores toca is-layout-flow wp-block-column-is-layout-flow\">\n<h2 class=\"wp-block-heading\"><em>TOCA<\/em><br>\u00bfC\u00d3MO INGRESAR?<\/h2>\n\n\n\n<h3 class=\"wp-block-heading\">Informarse<\/h3>\n\n\n\n<p class=\"constructores-txt\">Previo a solicitar tu ingreso a la masoner\u00eda debes tener una idea general de lo que es la instituci\u00f3n, para ello, puedes consultar enciclopedias, libros, p\u00e1ginas de Internet o si tienes oportunidad platica con un mas\u00f3n.<\/p>\n\n\n\n<p>Recuerda que es una instituci\u00f3n discreta, por lo que no toda la informaci\u00f3n que se encuentra en p\u00e1ginas electr\u00f3nicas es verdadera o acertada, te sugerimos que busques libros hist\u00f3ricos, busques en una logia regular o nosotros mismos te podemos auxiliar.<\/p>\n\n\n\n<p class=\"constructores-txt\">Te adelantamos que la masoner\u00eda es una Instituci\u00f3n que se sujeta a los m\u00e1s altos principios morales y busca a trav\u00e9s de la pr\u00e1ctica de un rito, basado en simbolismo y leyendas, valor la libertad, la igualdad, la fraternidad, el amor, el socorro y la verdad.<\/p>\n\n\n\n<p><\/p>\n\n\n\n<h3 class=\"wp-block-heading\">Comprometerse<\/h3>\n\n\n\n<p>Debes tener claridad de lo que quieres en tu vida, para que la masoner\u00eda te ayude a alcanzarlo, debes tomar en cuenta que la masoner\u00eda es enemiga de la ignorancia y tu principal aliado es el estudio, asimismo como una honorable instituci\u00f3n impone deberes y obligaciones que deben cumplirse.<\/p>\n\n\n\n<p>La masoner\u00eda te ofrece vivir bajo los m\u00e1s altos principios y crecimiento como persona, aprender a vencer a la ignorancia y miedo, y servir a los dem\u00e1s.<\/p>\n\n\n\n<p><\/p>\n\n\n\n<h3 class=\"wp-block-heading\">Retribuir<\/h3>\n\n\n\n<ul class=\"wp-block-list bullets\">\n<li>Que la conducta que despliegues dentro y fuera de la Instituci\u00f3n, honre los principios que aprendes dentro de la misma.<\/li>\n\n\n\n<li>Estar dispuesto a dar de tiempo m\u00ednimo un d\u00eda a la semana.<\/li>\n\n\n\n<li>Secrec\u00eda y discreci\u00f3n.<\/li>\n\n\n\n<li>Pago de capitas (mensuales)<\/li>\n<\/ul>\n\n\n\n<p><\/p>\n\n\n\n<p><\/p>\n\n\n\n<details class=\"wp-block-details detalle toca is-layout-flow wp-block-details-is-layout-flow\"><summary><em>Toca y espera<\/em><\/summary>\n<div class=\"wp-block-columns toca section-toca is-layout-flex wp-container-core-columns-is-layout-9d6595d7 wp-block-columns-is-layout-flex\">\n<div class=\"wp-block-column img-toca is-layout-flow wp-block-column-is-layout-flow\">\n<figure class=\"wp-block-image size-full traje\"><img loading=\"lazy\" decoding=\"async\" width=\"533\" height=\"800\" src=\"https:\/\/templosirius.org\/Nebula58\/wp-content\/uploads\/imagenes\/toca\/traje-mazon.webp\" alt=\"\" class=\"wp-image-335\"\/><\/figure>\n<\/div>\n\n\n\n<div class=\"wp-block-column txt requisitos is-layout-flow wp-block-column-is-layout-flow\">\n<h3 class=\"wp-block-heading\">Requisitos para ingresar<\/h3>\n\n\n\n<p>Para ser iniciado en la masoner\u00eda se requiere que el candidato re\u00fana las condiciones siguientes:<\/p>\n\n\n\n<ul class=\"wp-block-list\">\n<li>Ser mayor de 18 a\u00f1os.<\/li>\n\n\n\n<li>Asistir a dos entrevistas<\/li>\n\n\n\n<li>Saber esperar una respuesta<\/li>\n\n\n\n<li>Creer en la existencia de un ser supremo.<\/li>\n\n\n\n<li>Ser un hombre libre y de buenas costumbres (tener un modo honesto de vivir).<\/li>\n\n\n\n<li>Poseer inteligencia y cultura suficientes para comprender las ense\u00f1anzas mas\u00f3nicas y practicar sus virtudes.<\/li>\n\n\n\n<li>Debes contar con los suficientes recursos econ\u00f3micos para sufragar tus propias necesidades.<\/li>\n<\/ul>\n\n\n\n<p>Debes ser recomendado por alg\u00fan Mas\u00f3n en activo, sino conoces a nadie dentro de la orden, manda tus respuestas al siguiente e-mail: contacto@nebula58.com<\/p>\n\n\n\n<p class=\"btn\"><a href=\"#wow-modal-id-1\">CONT\u00c1CTANOS<\/a><\/p>\n<\/div>\n<\/div>\n<\/details>\n<\/div>\n<\/div>\n\n\n<div class=\"modal-window\" id=\"modal-window-1\" role=\"dialog\" aria-modal=\"true\"  aria-live=\"off\"><div class=\"modal-window__wrapper\"><div class=\"modal-window__content\"><div class=\"modal-window__content-wrapper\"><div class=\"modal-window__content-main\"><p><div class=\"forminator-ui forminator-custom-form forminator-custom-form-170 forminator-design--default  forminator_ajax\" data-forminator-render=\"0\" data-form=\"forminator-module-170\" data-uid=\"69dc5ed496e3c\"><br\/><\/div><form\n\t\t\t\tid=\"forminator-module-170\"\n\t\t\t\tclass=\"forminator-ui forminator-custom-form forminator-custom-form-170 forminator-design--default  forminator_ajax\"\n\t\t\t\tmethod=\"post\"\n\t\t\t\tdata-forminator-render=\"0\"\n\t\t\t\tdata-form-id=\"170\"\n\t\t\t\t data-color-option=\"theme\" data-design=\"default\" data-grid=\"open\" style=\"display: none;\"\n\t\t\t\tdata-uid=\"69dc5ed496e3c\"\n\t\t\t><div role=\"alert\" aria-live=\"polite\" class=\"forminator-response-message forminator-error\" aria-hidden=\"true\"><\/div><div class=\"forminator-row\"><div id=\"name-1\" class=\"forminator-field-name forminator-col forminator-col-12 \"><div class=\"forminator-field\"><input type=\"text\" name=\"name-1\" value=\"\" placeholder=\"Nombre\" id=\"forminator-field-name-1_69dc5ed496e3c\" class=\"forminator-input forminator-name--field\" aria-required=\"true\" autocomplete=\"name\" \/><\/div><\/div><\/div><div class=\"forminator-row\"><div id=\"email-1\" class=\"forminator-field-email forminator-col forminator-col-12 \"><div class=\"forminator-field\"><input type=\"email\" name=\"email-1\" value=\"\" placeholder=\"Email\" id=\"forminator-field-email-1_69dc5ed496e3c\" class=\"forminator-input forminator-email--field\" data-required=\"true\" aria-required=\"true\" autocomplete=\"email\" \/><\/div><\/div><\/div><div class=\"forminator-row\"><div id=\"phone-1\" class=\"forminator-field-phone forminator-col forminator-col-12 \"><div class=\"forminator-field\"><input type=\"text\" name=\"phone-1\" value=\"\" placeholder=\"Tel\u00e9fono\" id=\"forminator-field-phone-1_69dc5ed496e3c\" class=\"forminator-input forminator-field--phone\" data-required=\"\" aria-required=\"false\" autocomplete=\"off\" \/><\/div><\/div><\/div><div class=\"forminator-row\"><div id=\"textarea-1\" class=\"forminator-field-textarea forminator-col forminator-col-12  mensaje\"><div class=\"forminator-field\"><span id=\"forminator-field-textarea-1_69dc5ed496e3c-description\" class=\"forminator-description\"><span data-limit=\"180\" data-type=\"characters\" data-editor=\"\">0 \/ 180<\/span><\/span><textarea name=\"textarea-1\" placeholder=\"Escr\u00edbenos\" id=\"forminator-field-textarea-1_69dc5ed496e3c\" class=\"forminator-textarea\" rows=\"6\" style=\"min-height:140px;\" maxlength=\"180\" ><\/textarea><\/div><\/div><\/div><input type=\"hidden\" name=\"referer_url\" value=\"\" \/><div class=\"forminator-row forminator-row-last\"><div class=\"forminator-col\"><div class=\"forminator-field\"><button class=\"forminator-button forminator-button-submit\">Enviar<\/button><\/div><\/div><\/div><input type=\"hidden\" id=\"forminator_nonce\" name=\"forminator_nonce\" value=\"8e15019db0\" \/><input type=\"hidden\" name=\"_wp_http_referer\" value=\"\/Nebula58\/wp-json\/wp\/v2\/pages\/27\" \/><input type=\"hidden\" name=\"form_id\" value=\"170\"><input type=\"hidden\" name=\"page_id\" value=\"27\"><input type=\"hidden\" name=\"form_type\" value=\"default\"><input type=\"hidden\" name=\"current_url\" value=\"https:\/\/templosirius.org\/Nebula58\/toca\/\"><input type=\"hidden\" name=\"render_id\" value=\"0\"><input type=\"hidden\" name=\"action\" value=\"forminator_submit_form_custom-forms\"><\/form><\/p><\/div><\/div><div class=\"modal-window__close -image\" tabindex=\"0\" role=\"button\" aria-label=\"\"><\/div><\/div><\/div><\/div>\n","protected":false},"excerpt":{"rendered":"<p>TOCA\u00bfC\u00d3MO INGRESAR? Informarse Previo a solicitar tu ingreso a la masoner\u00eda debes tener una idea general de lo que es la instituci\u00f3n, para ello, puedes consultar enciclopedias, libros, p\u00e1ginas de Internet o si tienes oportunidad platica con un mas\u00f3n. Recuerda que es una instituci\u00f3n discreta, por lo que no toda la informaci\u00f3n que se encuentra [&hellip;]<\/p>\n","protected":false},"author":1,"featured_media":0,"parent":0,"menu_order":0,"comment_status":"closed","ping_status":"closed","template":"","meta":{"inline_featured_image":false,"pgc_sgb_lightbox_settings":"","footnotes":""},"wf_page_folders":[],"class_list":["post-27","page","type-page","status-publish","hentry"],"_links":{"self":[{"href":"https:\/\/templosirius.org\/Nebula58\/wp-json\/wp\/v2\/pages\/27","targetHints":{"allow":["GET"]}}],"collection":[{"href":"https:\/\/templosirius.org\/Nebula58\/wp-json\/wp\/v2\/pages"}],"about":[{"href":"https:\/\/templosirius.org\/Nebula58\/wp-json\/wp\/v2\/types\/page"}],"author":[{"embeddable":true,"href":"https:\/\/templosirius.org\/Nebula58\/wp-json\/wp\/v2\/users\/1"}],"replies":[{"embeddable":true,"href":"https:\/\/templosirius.org\/Nebula58\/wp-json\/wp\/v2\/comments?post=27"}],"version-history":[{"count":51,"href":"https:\/\/templosirius.org\/Nebula58\/wp-json\/wp\/v2\/pages\/27\/revisions"}],"predecessor-version":[{"id":1711,"href":"https:\/\/templosirius.org\/Nebula58\/wp-json\/wp\/v2\/pages\/27\/revisions\/1711"}],"wp:attachment":[{"href":"https:\/\/templosirius.org\/Nebula58\/wp-json\/wp\/v2\/media?parent=27"}],"wp:term":[{"taxonomy":"wf_page_folders","embeddable":true,"href":"https:\/\/templosirius.org\/Nebula58\/wp-json\/wp\/v2\/wf_page_folders?post=27"}],"curies":[{"name":"wp","href":"https:\/\/api.w.org\/{rel}","templated":true}]}}